(-1)/4 - 3645/(-20). What is the greatest common factor of 13 and j?
13
Suppose g + 5*l = -g + 359, 0 = 3*l + 15. What is the highest common divisor of g and 24?
24
Let v(n) = n**2 - 10*n + 6. Let j be v(11). Let h = j + 16. Suppose -2*f = -25 - 19. Calculate the highest common factor of f and h.
11
Suppose 2*n - 69 - 9 = -3*h, 3*n = -4*h + 119. Calculate the highest common factor of n and 9.
9
Let l be ((-18)/(-8))/((-3)/(-8)). Let r = 8 - l. Suppose -31 = -3*k + r. What is the highest common divisor of 11 and k?
11
Let r be 29/7 + 4/(-28). Let l(j) = 27*j**2 - j. Let h be l(-1). Calculate the greatest common divisor of h and r.
4
Suppose -1079 = -3*v + 2*g, v - 2*v = 2*g - 373. What is the highest common divisor of 33 and v?
33
Suppose 2*j = -3*j + 60. What is the greatest common factor of j and 4?
4
Let p = 26 - 10. Calculate the highest common factor of 24 and p.
8
Let p(r) be the third derivative of -r**6/120 + 7*r**5/60 - 7*r**4/24 - 2*r**2. Let j be p(5). What is the highest common factor of 135 and j?
15
Suppose -7*i = -4*i. Suppose i = 2*m - 17 - 15. Calculate the greatest common factor of 16 and m.
16
Suppose 5*r - 96 = -6. Let n be (-1258)/(-10) + (-1)/(-5). Calculate the greatest common factor of r and n.
18
Let r(h) = h + 7. Let i be r(5). Let a be 11 + 1 + 1 - 1. What is the greatest common factor of i and a?
12
Let u(q) = 6*q**3 + q**2 + 2*q - 8. Let o be u(2). Calculate the highest common divisor of 16 and o.
16
Let x be 1/(1 + 12/(-15)). Suppose -5*p + x = 4*f - 0, -2*f + 22 = -4*p. Suppose -2*o = -f*o + 12. What is the greatest common divisor of o and 4?
4
Let f = 28 + -10. Calculate the greatest common divisor of f and 2.
2
Let b be (-2)/(-3) + 468/27. What is the highest common factor of b and 9?
9
Let a = -11 - -33. What is the highest common factor of 55 and a?
11
Let k be (4/5)/((-2)/(-40)). Let g be k/3*18/4. Suppose 0 = -6*w + 22 + 26. What is the highest common factor of w and g?
8
Suppose -10 + 28 = 3*v. Let p be (-10)/(-3)*v/4. Let o be (6/15)/(1/p). What is the greatest common divisor of o and 18?
2
Let h(f) = -2*f + 3. Let y be h(-9). Let i be ((-14)/y)/(1/3). Let q = 42 - i. What is the greatest common divisor of 11 and q?
11
Let b be ((-3)/((-30)/(-4)))/((-23)/2070). Calculate the greatest common factor of 252 and b.
36
Let s(u) = 199*u**2 + 3*u + 4. Let o be s(-1). Suppose 4*q - 2*q = 12. Let x(b) = b**2 - 3*b + 2. Let h be x(q). Calculate the highest common factor of o and h.
20
Suppose -5*i = -39 - 16. Let x = 17 - i. What is the greatest common factor of x and 42?
6
Let h be ((-6)/4)/(21/(-1960)). What is the greatest common divisor of h and 14?
14
Let w(v) = -6*v - 25. Let c be w(-5). Calculate the greatest common divisor of c and 65.
5
Suppose -3*r + 6 = -0*r. Suppose 0*j + 4 = r*j. Suppose j*o + 23 = 5*s, -s + 0*s = -o - 4. What is the highest common divisor of 35 and s?
5
Let p be 210/21 + (2 - 1). Calculate the greatest common divisor of p and 77.
11
Suppose -3*c = -5*d - 16, d + 4*c - 3 - 3 = 0. Let b be (3*-5 + -3)/d. Calculate the greatest common divisor of b and 36.
9
Let x(d) = -d + 6*d**2 + 2*d**3 + d**3 + 2*d**3 - 4*d**3 + 4. Let u be x(-6). What is the highest common factor of u and 40?
10
Suppose -2*t - 6 = -2*p, 0*p + 10 = 2*p + 2*t. Suppose 4*o + 4*n = -12, o + 2*n = 4*n + 9. Calculate the greatest common factor of o and p.
1
Let q = -14 - -17. Calculate the highest common factor of q and 12.
3
Let w be 2 + (-120)/(-2 - 2). What is the highest common factor of 48 and w?
16
Suppose 2*n - 283 = -5*s, -112 = -2*s - n - n. Calculate the greatest common factor of 38 and s.
19
Let h(k) = 2*k - 16. Let i be h(12). What is the greatest common divisor of 32 and i?
8
Let a be -2 + 4 - (-5)/5. Calculate the highest common factor of 2 and a.
1
Let n be (-1 + 1)*2/2. Let j = 1 - n. Suppose 0 = -y - y + 10. What is the greatest common divisor of j and y?
1
Suppose -o + 594 = 10*o. What is the greatest common factor of 36 and o?
18
Suppose -9*f = -7*f - 112. What is the highest common divisor of 84 and f?
28
Suppose p + 72 = 5*p. Let t be ((-5)/2)/((-5)/10). Let v be -1 + 10 + -5 + t. Calculate the greatest common divisor of p and v.
9
Suppose 15 = -3*l, -75 = -2*h + 3*l - 0*l. Suppose -2*k = 7 - 1. Let z be (k + -1)*h/(-8). Calculate the highest common factor of z and 75.
15
Let h(d) = -2*d**3 - d**2 - 2*d - 1. Let x be h(-4). Calculate the highest common divisor of 7 and x.
7
Let q = 42 + -23. What is the highest common factor of q and 323?
19
Let f = 12 + -2. Suppose 4*s - 24 = -8. Suppose 0 = s*t - 61 - 19. What is the highest common divisor of f and t?
10
Suppose 0 = 4*v - 5*v - 4*s + 334, 3*s - 663 = -2*v. Calculate the greatest common divisor of v and 30.
30
Let p(b) = 2*b**2 - 8*b + 3. Let r = 13 - 5. Let m be p(r). Let w = m + -11. What is the highest common factor of 8 and w?
8
Let k = -1 - 8. Let f be 382/18 + 2/k. Let z be 2/7 + 183/f. Calculate the greatest common factor of 18 and z.
9
Let w = 102 - 100. What is the greatest common divisor of w and 7?
1
Let t(w) = -37*w + 2. Let v be t(-3). Suppose -v = -5*g + 67. Suppose 0 = -4*y - 4, 4*y + 52 = 4*f - 0. What is the greatest common divisor of f and g?
12
Let j be 3/(-2)*2 - -24. Calculate the highest common factor of 84 and j.
21
Suppose 2*t - 34 = -2*t - w, t = -4*w + 1. What is the highest common divisor of 81 and t?
9
Suppose 4*m - 69 = -21. Suppose o - 12 = -6*v + 3*v, 3*o - 8 = -2*v. Calculate the greatest common divisor of v and m.
4
Suppose 4*r + 4*u - 110 = 6*u, 0 = -r + 5*u + 32. What is the highest common divisor of r and 18?
9
Suppose 3*q = 4*x - 42, -5*q - 1 = -x + 2*x. What is the greatest common divisor of 180 and x?
9
Let s(d) = -d**2 + 15*d + 10. Let x be s(11). Calculate the highest common divisor of x and 27.
27
Let l(s) = 6. Let o(f) = -f - 7. Let k(t) = 3*l(t) + 4*o(t). Let q = 1 + -8. Let m be k(q). What is the greatest common divisor of 27 and m?
9
Let c(x) = x**3 + 2*x**2 - 4*x - 3. Let u be c(-2). Suppose u*w + 6 = 1. Let v = 4 + w. Calculate the highest common divisor of v and 33.
3
Suppose -16 = -3*w + 2*o, w + 28 = 6*w - 2*o. Calculate the greatest common factor of 10 and w.
2
Let u = 23 + -17. What is the highest common divisor of 48 and u?
6
Let w(h) = -h**2 + 3*h + 2. Let u be w(-5). Let r = -26 - u. What is the greatest common factor of r and 36?
12
Let i be (-140)/(-15) + (2/(-3))/2. Calculate the greatest common divisor of 72 and i.
9
Suppose -42 = -5*o - x, o + 5*x + 5 - 23 = 0. Calculate the greatest common factor of o and 72.
8
Let r(v) = -3*v - 10. Let c be r(-5). What is the greatest common factor of 20 and c?
5
Let z(a) = a**3 + 2*a**2 + 2*a. Let v be z(-2). Let g = v - -11. What is the highest common factor of 49 and g?
7
Suppose -1 = -5*g - 3*y + 242, 5*g - 235 = 5*y. Calculate the highest common factor of g and 12.
12
Let y(v) = -v**3 + 7*v**2 - 4*v + 10. Let q be y(6). What is the greatest common divisor of 66 and q?
22
Suppose -5*x + 50 = -100. Calculate the greatest common factor of 20 and x.
10
Let a(c) = -3*c - 4. Let q be a(-3). Suppose -q = -s + 1. Suppose m + 150 = s*m. What is the highest common factor of m and 75?
15
Let k = 65 - 43. Let o(w) be the first derivative of 27*w**4/2 + w**3/3 - w**2/2 + w + 3. Let h be o(1). What is the highest common divisor of h and k?
11
Suppose -4*w + 10 = -o - 97, -4*w + 110 = -2*o. Calculate the greatest common factor of w and 286.
26
Suppose 0 = 4*q - 9*q - 25. Let m be (-8)/(-20) + (-58)/q. Let b be ((-12)/18)/(2/(-9)). Calculate the greatest common factor of b and m.
3
Suppose -179 = -5*r + 61. Let b = 7 + -12. Let s be -3 - b - 8/(-2). What is the highest common divisor of r and s?
6
Let c be (-1)/1 + 15 + 1. Calculate the greatest common divisor of c and 10.
5
Suppose r = 0, -38 = 3*y - 5*y + r. What is the greatest common factor of y and 76?
19
Let c be 1 - 98*(-1 + 0). Suppose 4*y = 2*t + 50, 3*t = -2*y + 2*t + 19. Calculate the greatest common divisor of y and c.
11
Let a = 105 - 75. Calculate the greatest common factor of a and 12.
6
Let f(x) = -2*x**3 + x + 3*x**3 - 6*x**2 + 4 - 3*x**3. Let g be f(-5). Let l be (22/(-8))/((-3)/12). Calculate the highest common factor of g and l.
11
Let v be 14 - (0 - -3)/(-3). What is the highest common diviso